{"type":"video","version":"1.0","provider_name":"Network.hu","provider_url":"http:\/\/network.hu\/","title":"Az \u00edg\u00e9retek f\u00f6ldje: nyugd\u00edj","author_name":"schrotti","author_url":"http:\/\/network.hu\/schrotti","html":"&lt;object width=&quot;424&quot; height=&quot;345&quot;&gt;&lt;param name=&quot;movie&quot; value=&quot;http:\/\/valasztas.network.hu\/flash\/videoplayer\/video.swf?videoid=105337&amp;amp;pvol=40&amp;amp;plang=hu&amp;amp;host=http:\/\/valasztas.network.hu&quot; \/&gt;&lt;param name=&quot;allowscriptaccess&quot; value=&quot;always&quot; \/&gt;&lt;param name=&quot;allowfullscreen&quot; value=&quot;true&quot; \/&gt;&lt;embed src=&quot;http:\/\/valasztas.network.hu\/flash\/videoplayer\/video.swf?videoid=105337&amp;amp;pvol=40&amp;amp;plang=hu&amp;amp;host=http:\/\/valasztas.network.hu&quot; width=&quot;424&quot; height=&quot;345&quot; allowscriptaccess=&quot;always&quot; allowfullscreen=&quot;true&quot; \/&gt;&lt;\/object&gt;","width":424,"height":345,"description":"El\u00f6reged\u0151 t\u00e1rsadalomban \u00e9l\u00fcnk, egyre cs\u00f6kken\u0151 l\u00e9tsz\u00e1m\u00fa akt\u00edv ad\u00f3fizet\u0151vel. Milyen lesz a nyugd\u00edjrendszer p\u00e1r \u00e9v m\u00falva, lesz-e m\u00e9g \u00e1llami nyugd\u00edj?","thumbnail_url":"http:\/\/vds.network.hu\/clubvideo\/1\/5\/_\/105337_69345_2.jpg","thumbnail_width":80,"thumbnail_height":60,"video_id":"105337"}

Az ígéretek földje: nyugdíj

Elöregedő társadalomban élünk, egyre csökkenő létszámú aktív adófizetővel. Milyen lesz a nyugdíjrendszer pár év múlva, lesz-e még állami nyugdíj?
